3*b - 4*f + 59 = 0, b + 2*f + 0*f = p. What is the remainder when b is divided by i?
3
Let w = 552 + -552. Suppose w = 47*t - 44*t - 27. What is the remainder when 177 is divided by t?
6
Let l = -45 + 38. Let d(g) = -g**2 - 3*g - 15. Let w be d(l). Let j = w + 100. What is the remainder when j is divided by 15?
12
Suppose -20282 = -2*r - 2*x, -5*r - 17*x + 50705 = -22*x. Calculate the remainder when r is divided by 69.
67
Suppose b = 3*j + 162, 5*b + 52 = -2*j + 777. Let s = 100503 + -100463. Calculate the remainder when b is divided by s.
27
Let n be 8580/1820 + ((-9)/(-7) - 1). Suppose -30*z - 462 = -32*z - n*u, -4*z + 876 = -2*u. Calculate the remainder when z is divided by 24.
5
Suppose 16*c = 18*c - 320. Let n be 78/(-5) - 1/((-5)/3). What is the remainder when c is divided by 162/n*5*2/(-4)?
25
Let n = 3992 + -3150. Calculate the remainder when n is divided by 13.
10
Let n = -439 - -519. Suppose -5*l - 17 = -k, k + 2*l - 10 = 7. What is the remainder when n is divided by k?
12
Suppose 261*z = -166*z + 21777. What is the remainder when 384 is divided by z?
27
Let y(t) = 89*t**2 - 7*t + 16. Calculate the remainder when y(3) is divided by 229.
109
Let p(j) = -j**2 + 24*j - 28. Let m be p(18). Let d = 82 - m. Calculate the remainder when -1 - (-67 + (1 - -3)) - d is divided by 21.
18
Suppose -m + 4*c + 34 + 23 = 0, 0 = -5*m - c + 243. Let u = -924778 + 924898. Calculate the remainder when u is divided by m.
22
Suppose -7108 = -62*d + 910 - 1260. What is the remainder when 422 is divided by d?
95
Suppose -32*z = -20*z - 24372. What is the remainder when z is divided by 16?
15
Let j(m) = -m**3 - 21*m**2 + 20*m - 62. Let r be j(-22). Suppose -4*b = -61 - 39. What is the remainder when (-2556)/(-21) + r/(-63) is divided by b?
22
Suppose 0*m = 9*m - 45. Suppose -89 = -m*t + 216. What is the remainder when 240 is divided by t?
57
Let g(w) = w + 10. Let u = 63 - 46. Calculate the remainder when u is divided by g(-2).
1
Let b(k) = k**3 + 49*k**2 + 141*k + 259. Calculate the remainder when 2772 is divided by b(-46).
110
Let a be 2 - 4/(0 + -2 + 4). Suppose 17*y - 21*y + 56 = a. Calculate the remainder when 57 is divided by -4 + (y - 19)*32/(-10).
9
Let w(z) = -z**3 + 16*z**2 + 18*z + 8. What is the remainder when w(17) is divided by (30/3 + 6)/(-2 - -4)?
1
Let n = 3 + -76. Let h = n + 335. Calculate the remainder when h is divided by 66.
64
Let t = 277 + -127. Let a = -644 - -602. Let l = a + t. What is the remainder when l is divided by 37?
34
Let b(s) = 4*s**2 - 2*s**2 - 4*s**2 - 2 - 18*s. Let d = -444 + 436. What is the remainder when 69 is divided by b(d)?
13
Suppose -323*w - 67*w = -5850. Calculate the remainder when 9479 is divided by w.
14
Suppose 2*f = v - 23 + 6, -22 = -2*v - 2*f. Suppose 0 = -9*n + 25 - 7. Calculate the remainder when 2*(-4)/(-16) + 63/n is divided by v.
6
Suppose 3*f + m = 39, 5*f - 5*m = 38 + 67. Calculate the remainder when 160 is divided by f.
10
Let s be (3*14/(-49))/((-6)/2142). Suppose 4*c = -c + 35. Suppose 2*w + c*w - s = 0. Calculate the remainder when w is divided by 13.
8
What is the remainder when (182/(-546))/((1 - 2)/2253) is divided by 21?
16
Suppose 267*n - 272 = 259*n. Suppose -141*r + 142*r - n = -4*m, 4*m = 2*r - 8. Let k(u) = 6*u**2 - u + 1. What is the remainder when k(2) is divided by r?
9
Let s be ((-4)/(-6))/(12/54). Let y = -112 + 154. Suppose -2*h = 4*p - 42, 3*h - s*p - y = -2*p. Calculate the remainder when h is divided by 5.
0
Suppose -4*v + 2*w = -8, w + 4 = 5*v - v. Suppose -y - 2 = v, 472 = 4*b + 4*y - 168. Let t = 30 - -11. What is the remainder when b is divided by t?
39
What is the remainder when 125 is divided by ((-14)/(-3))/((-1869)/126 - -15)?
13
Suppose -115*c = -118*c + 30. Let a(m) = m**3 + 14*m**2 + 3*m + 20. What is the remainder when a(-9) is divided by c?
8
Suppose 0 = -2*w - 2*z + 652 - 178, -3*z + 245 = w. What is the remainder when 480 is divided by w?
14
Let v be (2 + -2)/(-1) - (-3 - -1). Suppose -64 = -4*k - 5*a, -4*a - a = k - 31. Calculate the remainder when k is divided by (8/(-7))/(v*(-4)/28).
3
Let w = 7494 - 7475. Calculate the remainder when 49 is divided by w.
11
Let f(y) = -12*y**3 + 2*y**2 - 2*y - 4. What is the remainder when 2183 is divided by f(-2)?
103
Suppose -4687 + 3223 = -24*p. Calculate the remainder when 1762 is divided by p.
54
Let p = 5390 - 4999. Calculate the remainder when p is divided by 47.
15
Suppose -211 = -3*m - 5*z, 0 = m + 6*z - 4*z - 70. Calculate the remainder when m is divided by ((-20)/(-25))/(-4) - (-252)/10.
22
Let t(q) = -q**3 + 12*q**2 - 8*q + 1. Let i be (-1)/((-16)/(-44))*-8. Suppose 5*x + i - 77 = 0. Calculate the remainder when t(x) is divided by 9.
7
Calculate the remainder when 68 is divided by (290/(-1885))/((-4)/52).
0
Suppose -78*n = -1751 - 511. Calculate the remainder when 925 is divided by n.
26
Suppose 3*q = -10 + 16. Suppose q*w - 4 = 4*w. Calculate the remainder when 74 is divided by (-2 - 0)/(w/20).
14
Calculate the remainder when (-160 - -1)*(-40 - -35) is divided by 133.
130
Let g(u) = -3*u**2 - 86*u - 54. Let o be g(-28). Suppose 0 = 22*l + o*l - 720. What is the remainder when 97 is divided by l?
7
Let v(l) = 132*l + 1865. Let p(k) = 7*k**2 - 8*k + 3. What is the remainder when p(5) is divided by v(-14)?
2
Let g = 2142 - 385. Calculate the remainder when g is divided by 220.
217
Let y(l) = -28*l - 19*l - 13 + 49*l + 69. Calculate the remainder when 83 is divided by y(-22).
11
Let z(u) = -29*u**3 + 1. Let c be z(-1). Suppose c + 9 = 13*k. Suppose -k*f = 2 - 23. Calculate the remainder when 15 is divided by f.
1
Suppose -41*v - g = -44*v + 270, -3*v + 2*g = -264. What is the remainder when v is divided by 36?
20
Suppose -680 - 213 = -4*l + 63. Calculate the remainder when l is divided by 59.
3
Suppose 4*r + 0*r = 452. Let a be -8 + 210/(-12) + 2/4. Let u = a - -54. Calculate the remainder when r is divided by u.
26
Suppose 0 = -4*w + 9*w - 4*u - 1107, 2*w = 2*u + 442. Let c = 77 + -32. Calculate the remainder when w is divided by c.
43
Suppose 0 = 19*q - 11798 - 5663. Calculate the remainder when q is divided by 92.
91
Suppose 4*g = z - 2*z + 25, -2*z - 3*g + 40 = 0. Let y = 654 + -649. What is the remainder when z is divided by y?
2
Suppose -152*p = -167*p + 660. What is the remainder when 305 is divided by p?
41
Let t = -317 + 233. Let x = -49 + 137. Let z = t + x. What is the remainder when 22 is divided by z?
2
What is the remainder when 863 is divided by (490/42 + -7)/((-4)/(-18))?
2
Let h(z) = -z**3 + 10*z**2 + 10*z + 15. Suppose -5*c - 44 = -9*c. Let w be h(c). Suppose 0 = w*m + 8 - 28. Calculate the remainder when 18 is divided by m.
3
Suppose 5*l - 81 + 31 = -5*y, -3*l + y + 10 = 0. Let j = -416 - -635. What is the remainder when j is divided by l?
4
Let j = 67 - -77. Let d = -51 + j. Calculate the remainder when d is divided by 48.
45
Let c(l) = 65*l + 1156. Calculate the remainder when c(58) is divided by 11.
9
Let t(v) = -v**2 - 24*v - 68. Let n be t(-20). Suppose n*m - 54 = -6*m. What is the remainder when 116 is divided by m?
2
Let k(x) = -x**2 - 17*x + 827. Calculate the remainder when k(-37) is divided by 36.
15
Let c be (-76)/(-3) - (1 + 5/(-3)). Let s = -25 + c. Let r = 3 + s. Calculate the remainder when 13 is divided by r.
1
Let r(h) = 3*h**2 + 3*h + 8. Let i be r(-13). Suppose -4*k - 652 = i. Calculate the remainder when 36 is divided by ((-18)/(-15) - 1) + k/(-15).
17
Let k = 911 - 877. Suppose k*b = 47*b - 871. Calculate the remainder when b is divided by 9.
4
Let i(j) = 2*j**2 - 34*j + 1. Let b be i(17). Let v be (b/(3 - (-2388)/(-795)))/(-1). Suppose v = 6*f - 89. Calculate the remainder when f is divided by 18.
5
Calculate the remainder when 263 is divided by 1 - -69*8/24.
23
Let y = 0 - -4. Suppose 0*l = -y*l + 108. Calculate the remainder when ((-482)/3)/(10/(-45)*3) is divided by l.
25
Suppose -2*t = 2*t - 8. Let m(h) = 10*h - 8 - 4*h + 14*h**t + 11. Calculate the remainder when m(-2) is divided by 25.
22
Let a be 45/10*(-1)/((-3)/102). Suppose -24*r + 63 = -a. Calculate the remainder when 87 is divided by r.
6
Suppose 0 = -5*y - 61 + 226. What is the remainder when 22 is divided by (-286)/y*(-3)/2?
9
Suppose -14 + 409 = 5*b. Suppose 0 = 4*a - 2*d - 76, 8*d - 3*d = 3*a - 50. What i